Let x(n) = -19*n**2 + 302*n + 34. Suppose -5*q = -40, -2*w + 24 = 1227*q - 1228*q. What is x(w)?
2
Let j(t) = t**3 - t**2 - 7*t + 7. Let p = -5770 - -5772. What is j(p)?
-3
Let h(w) = w**2 + 2*w - 1. Let t(q) be the third derivative of -q**5/20 - 7*q**4/24 - q**3/6 - 2*q**2 + 10. Let x be t(-2). Calculate h(x).
2
Let b(x) = -262*x**2 + 529*x**2 - 15 - x - 266*x**2. Let s = 33 + -33. What is b(s)?
-15
Let b(t) = 9*t - 130. Let x be b(15). Let g(j) = -8 + 21 - 4 - j - x. Determine g(11).
-7
Suppose -5*v - 15 = 5*h, -14*h = -5*v - 15*h - 23. Let c(s) = -4*s**2 + 2*s - 3. What is c(v)?
-113
Let y(t) = -220*t - 3975. Let c(h) = -59*h - 994. Let r(k) = 9*c(k) - 2*y(k). What is r(-11)?
5
Suppose 0 = -d - 7*d + 16. Let f(w) = 1 + 11*w**2 - 2 + w - 8*w**2 - 5*w**2 + d*w. Determine f(2).
-3
Let l(f) = f**2 + 4*f. Let o(y) = -2*y**2 - 33*y - 38. Let b be o(-14). Let v be -3*b/54 + 4/(-18). Give l(v).
-4
Suppose -5*k = k - 210. Suppose k = 31*r - 26*r. Let n(q) = -6*q**2 + 6 - 131*q + 127*q + r*q**2. Determine n(5).
11
Let q(o) = o**2 + o - 26. Let v(p) = 36*p + 301. Let g be v(-21). Let b = -455 - g. Give q(b).
-26
Let z(f) be the second derivative of -f**5/20 - 5*f**4/12 - 2*f**3/3 - 3*f**2/2 - 2*f. Let u = -556 + 553. What is z(u)?
-9
Let r(z) = 6*z**2 + z**3 - 10 - 79808*z + 79800*z + 5*z**2. What is r(-11)?
78
Let q(b) = b**3 + b**2 - 2*b + 3. Let m = 13103 + -13103. Give q(m).
3
Let p(i) be the third derivative of -7*i**3/6 - 88*i**2. Let j(b) = -b - 13. Let m(x) = -3*j(x) + 5*p(x). Give m(5).
19
Let b(n) = -n**3 + 2*n**2 - 5*n + 9. Let d be b(2). Let a(x) = -240 + 240 - 4*x. Calculate a(d).
4
Let b = -96 - -96. Let k(y) = b*y - 15 + 1 + 7 - 3*y. Determine k(-8).
17
Let n(k) be the first derivative of -8*k**2 + 119*k - 5339. Give n(6).
23
Let x(c) = -9*c - 24. Let v(s) = 4*s + 6. Let l(w) = -5*v(w) - 2*x(w). What is l(12)?
-6
Let a(i) = -13*i + 1 - 5 - 3. Let v(r) = 17*r + 4. Let z(g) = 67*g + 13. Let j(l) = -9*v(l) + 2*z(l). Let p(n) = -7*a(n) + 5*j(n). Calculate p(4).
-17
Let j(k) = -47*k**2 - 2*k. Let i(f) = -23*f**2 - f. Suppose -3 = b + 4*d, 2*b + 17 = -2*d + 5*d. Let m(p) = b*i(p) + 4*j(p). Calculate m(1).
-28
Let i(c) = -5*c**2 + 9*c - 2. Let j(s) = -4*s**2 + 5*s + 6. Let h(q) = q**2 - q - 1. Let w(a) = -6*h(a) - j(a). Let r(t) = -i(t) + 2*w(t). Determine r(8).
10
Let s(f) be the first derivative of -f**5/20 - 4*f**4/3 - 8*f**3/3 - 19*f**2/2 + 221*f - 127. Let d(j) be the first derivative of s(j). What is d(-15)?
-4
Let u = -27577 - -27579. Let x(r) be the third derivative of 0 + 15*r**u - 2*r + 1/24*r**4 - 1/6*r**3 - 1/60*r**5 - 1/120*r**6. Calculate x(0).
-1
Let o(x) = x + 6. Let c(k) = -102*k + 921. Let p be c(9). What is o(p)?
9
Suppose -3 = -3*v - 0*v. Let f be v/(((-28)/(-8))/7). Let r(q) = -2*q**f + 3*q**2 + 4 - 3*q + 0*q**2 + 7*q. Determine r(-4).
4
Let w(q) = 424*q - 20. Let f(x) = -181*x + 10. Let o(y) = 5*f(y) + 2*w(y). Calculate o(0).
10
Let p = -21581 + 21575. Let m(v) = -v**2 + 2*v + 44. Calculate m(p).
-4
Let c(i) = -3*i + 0*i + 3 - 4. Suppose -2139 = 401*n - 1738. Calculate c(n).
2
Let t(l) = -l - 5. Let h(i) = -6*i - 33. Let m(o) = h(o) - 5*t(o). Let r(x) = -x - 3. Let u(f) = 2*m(f) - 6*r(f). What is u(-3)?
-10
Let c = 184 + -181. Let n(l) = -2 - c*l + 2*l - 5 + 0*l. Let k(b) = 2*b**3 + 2*b**2 - 2*b - 3. Let w be k(-2). Determine n(w).
0
Let p(m) be the first derivative of m**3/3 + 3*m**2/2 + 5*m - 8. Let j(n) = -106*n - 746. Let o be j(-7). Determine p(o).
9
Suppose 5*i - 28 = u, -5*i + 5 = 2*u - 44. Let w(p) = 5*p**2 - 32*p - 26. Calculate w(u).
-5
Let m be -19 + 4 + 10 - 14/2. Let u(n) = -n**2 - 8*n + 47. Determine u(m).
-1
Let z(s) = 13*s + 0*s**2 - 79*s + s**2 + 31*s + 29*s - 1. Let y(n) = n**3 - 3*n**2 + n + 2. Let f be y(3). Calculate z(f).
-6
Let c(z) = 14*z**3 + z**2 - z. Let r be (-1)/((-10)/(-14) + 2/7). Let x be (-8)/12 - ((-1)/3)/r. Let h be ((-5)/20)/(x/4). What is c(h)?
14
Let n(u) = u**2 - u + 108. Let p(q) = -5*q**2 + 4*q - 599. Let t(o) = -11*n(o) - 2*p(o). Calculate t(4).
6
Let s(i) be the first derivative of 7*i**2/2 + 99*i - 612. Determine s(-15).
-6
Let r(i) = i**3 - 8*i**2 + i - 11. Let o = 110 + -108. Suppose -t = 2*c - 4, 2 = 2*c + 2*t - o. Suppose 3*y = -c*y + 40. Determine r(y).
-3
Let h(m) = 217184 + 4*m - m - 217186. What is h(5)?
13
Let n(d) = -2*d**3 - 17*d**2 - 5*d + 12. Let l be (-6)/((18 - 15)*(-2)/(-8)). Let o be n(l). Let b(x) = x**2 + 12*x - 4. Determine b(o).
-4
Suppose 228*d + 135 = 29*d + 533. Let t(q) be the second derivative of q**d + 0 + 5*q - 1/2*q**3. Determine t(3).
-7
Let y(f) be the first derivative of 2*f - f**3 + f**2 + 1/4*f**4 + 42. Determine y(2).
2
Suppose 0 = -163*g + 125*g - 646. Let a(u) = -3*u - 62. What is a(g)?
-11
Let z(d) be the second derivative of -2*d + 0*d**3 + 10 + 15*d**2 - 1/12*d**4 + 1/20*d**5. Determine z(0).
30
Let s(c) = -4*c - 10*c + 0 - 13*c**2 - 14*c**3 + 13*c**3 - 17. Suppose -17*w = 146*w - 12*w + 1812. Calculate s(w).
7
Let r(d) = -d**3 - 31*d**2 + 66*d - 2. Suppose 22*p + 163 = -563. Calculate r(p).
-2
Let f(i) = -i - 9. Let h(m) = m**2 - 12*m - 481. Let o be h(29). What is f(o)?
-21
Let n(d) = -2*d**3 + 4*d**2 + 4*d - 3. Suppose -3*r - y = -15, 4*y = -4*r + 5*r + 8. Give n(r).
-51
Suppose 0 = -4*b - 3*c - 6, b + 3*c = -0*b - 6. Let u be b + 2 - 0/2. Let v be ((-7)/(-14))/(u/20). Let m(r) = r**3 - 5*r**2 + 2*r - 7. Determine m(v).
3
Let m(q) be the third derivative of q**5/20 - q**4/4 + 7*q**3/6 + 12*q**2. Let t be m(2). Let o = t - 10. Let u(z) = -4*z + 3. What is u(o)?
15
Let p(g) = -3*g**3 - g**2 - 5*g - 5. Suppose -j - 2 = a, j = -5*a - 778 + 768. What is p(a)?
25
Let u(c) = -13*c**2 - 2*c - 2. Let p be (-147 + 9)*1 + -8. Let w = p + 145. Give u(w).
-13
Suppose -127*q - 48 = 79. Let v(r) = -15*r**3 + 7. Let n(w) = -23*w**3 + 11. Let h(i) = 5*n(i) - 8*v(i). Give h(q).
-6
Let u(q) = 3*q**3 - 6*q**2 + 30*q - 6. Let b(y) = -13*y**3 + 24*y**2 - 131*y + 23. Let c(r) = 2*b(r) + 9*u(r). Give c(4).
-8
Let o(v) be the third derivative of -v**7/2520 - v**6/48 + v**5/120 - 89*v**4/24 + 146*v**2. Let s(t) be the second derivative of o(t). Give s(-15).
1
Let m(s) be the second derivative of -s**3/6 - s**2 - 1634*s. Let i(w) = w**2 - 4*w - 4. Let x be i(6). What is m(x)?
-10
Let l(c) = -9*c - 178. Suppose 1050 = -182*p - 743 - 1665. What is l(p)?
-7
Suppose 2 = 22*l - 20*l. Let a(o) = -3*o - 2. What is a(l)?
-5
Suppose -4*z - 8063 = -8043. Let f be 3/12 - 1/4. Let l(a) = -a - 6 + 4 + f*a. Calculate l(z).
3
Let l(j) = -j**3 + 2*j**2 + 4*j - 19. Suppose 30 - 66 = -9*v. Let w(a) = a**3 - 3*a**2 - 5*a + 17. Let z(d) = v*l(d) + 3*w(d). What is z(0)?
-25
Let s(d) be the first derivative of 1/3*d**3 - 11/2*d**2 + 14 + 8*d. Determine s(8).
-16
Let t(v) = 5 + 1 + 3*v - v + 0. Let w be (8 - (10 - 7))/1. Calculate t(w).
16
Suppose g + 0 = -1. Let u = 86 + -88. Let n = g - u. Let h(a) = 7*a**3 - a. Calculate h(n).
6
Let x(a) be the first derivative of a**3/3 + 3*a**2/2 - 15*a - 2630. Determine x(-6).
3
Let x(p) = -3*p**2 + 16*p + 10. Let q(y) = -5*y**2 + 3*y + 2. Let r(j) = 2*j**2 - j - 1. Let i(t) = -q(t) - 2*r(t). Let m(v) = -2*i(v) - x(v). Give m(14).
-10
Let x(v) be the second derivative of -v**6/360 - v**5/20 + v**4/24 + 2*v**3/3 + 50*v. Let b(z) be the second derivative of x(z). Determine b(-6).
1
Let c(h) = h**2 - 13*h - 11. Suppose 17*x - 225 = -55. What is c(x)?
-41
Let i(l) = 3*l**2 - 28*l - 113. Let p(h) = 44*h**2 - 394*h - 1584. Let d(x) = 29*i(x) - 2*p(x). What is d(-16)?
19
Let f(k) = -4*k**2 + 2*k + 1. Let z(g) = 7*g**2 - 5*g - 1. Let h(u) = 5*f(u) + 3*z(u). Let j = 316 - 228. Let p = -82 + j. Give h(p).
8
Let d(y) = -y - 15. Let t be 14/4*(-5 + 3). Let r be t/((-84)/(-88)) - (-1)/3. Calculate d(r).
-8
Suppose 5*k = -4*s + 17, -s - k + 4 = -0. Let r(z) = -27*z**2 + 15*z**2 + 13*z**2 + 9 - 6*z - s*z. Calculate r(8).
1
Let t(f) = f**2 - 3*f - 1. Suppose 10496*n + 414 = 10450*n. What is t(n)?
107
Let x be (2/(-7))/(2079/147 - 15). Let u(j) be the third derivative of -j**2 - 1/24*j**4 + x*j**3 + 0 + 0*j. Calculate u(1).
1
Let m(t) = -70 - t + 219 - 64 - 60. Determine m(-7).
32
Suppose 3*v - 1 = -4*b, 35*v = 37*v - 5*b - 16. Let w(c) = c**3 + c**2 + 1. Let g(z) = 4*z**3 + z**2 + 1. Let h(t) = -g(t) + 3*w(t). Calculate h(v).
-7
Let v(u) be the first deriva